7*a**2/2 + 4*a. What is the units digit of q(z)?
7
Let i be (2/6)/((-1)/(-15)). Suppose 2*j = -4*o + 16, -1 + 3 = j. What is the units digit of 2 + -1 + (i - o)?
3
What is the tens digit of 65 + 4/2 - (-6 + 6)?
6
Let i = -60 + 73. Let w be (-4)/(-1 + (-3 - -2)). Let f = i - w. What is the tens digit of f?
1
Let i be (33 + -2)/((-1)/(-60)). Suppose -5*l + o + i = 0, 0 = -4*l + 2*l - 5*o + 744. What is the tens digit of l/21 + 4/14?
1
Suppose -2*x + 20 = -7*x, k + 5 = -2*x. What is the tens digit of -1 + 20/k*3?
1
Let b be 1/(2/4) + 0. Let t = b - -6. Suppose -4*p + 1 = g + t, p = -3*g + 1. What is the units digit of g?
1
Suppose 0 = -4*g - 12 - 92. Let x = -11 - g. What is the units digit of x?
5
Let b(f) = 2*f**2 + 4*f - 33. What is the tens digit of b(-12)?
0
Let k = 210 + -80. What is the hundreds digit of k?
1
Let h(d) = d**2 - 7*d + 2. Let o be h(5). What is the units digit of 45/12 - 2/o?
4
Let t(d) = d**3 - 8*d**2 - 7*d - 13. Let p be t(9). Suppose a = p - 2. Suppose 0 = -4*x + a*r + 42, x + 2*x = -3*r + 21. What is the units digit of x?
9
Suppose 0 = 2*b - 5 - 5. Suppose -3 = -b*z + 2. What is the units digit of z?
1
Let t be 10*(24/15)/4. Suppose 0 = 3*i - t*x + x - 42, -5*i + 98 = 2*x. What is the units digit of i?
8
Suppose q + 12 = 2*q. Suppose 9 = 3*m + 3*h - 3, -q = -3*m - 2*h. What is the units digit of m?
4
Suppose -16*c + 185 = -11*c. What is the tens digit of c?
3
Let o be 16/6*(-99)/4. Let v = -36 - o. What is the tens digit of v?
3
Let f = 349 + -68. What is the units digit of f?
1
Let m be 4/6 + 12/(-18). Suppose m = 2*r - 6. Suppose -2 = -w + r. What is the units digit of w?
5
Let h = 0 + -1. Let x = 2 - 1. Let z = x - h. What is the units digit of z?
2
Suppose 388 + 304 = 4*a. Suppose g = -g + 2*n + 76, -3*n + a = 4*g. What is the tens digit of g?
4
Let z = 4 + -2. Suppose p + 4 = b, -4*p = z*b - 0*p + 10. What is the units digit of b?
1
Suppose -1 = -2*k - 7. Let q = 15 + k. What is the tens digit of q?
1
Let c(r) be the third derivative of -r**4/24 + 7*r**3/6 + r**2. What is the units digit of c(0)?
7
Let z(a) = a**2 + 7*a - 6. Let p(m) = -4*m + 6. Let r be p(4). What is the units digit of z(r)?
4
Let j(p) = -p + 9. Let n(s) = -s**2 - 10*s - 10. Let r be n(-8). Let v be j(r). Suppose v*c - 4 = 2. What is the units digit of c?
2
Let y(s) = 10*s. Let d be y(4). Suppose -d = -2*x - 3*x. Let o = x + -5. What is the units digit of o?
3
Let q(p) = -p - 11. Let l be q(-8). Let a(v) = v**2 + 5*v + 3. Let c be a(l). What is the units digit of c + 2 + 1 + 3?
3
Let d = 18 + -9. What is the units digit of d?
9
Suppose f = -1 - 0, 5*v - 1267 = -3*f. What is the units digit of v?
4
Let z = -151 + 245. What is the tens digit of z?
9
Suppose -141 - 555 = -3*l - 3*z, 5*l = 4*z + 1160. What is the tens digit of l?
3
Suppose -5*d = -38 - 2. Let h = d - 6. Suppose 3*p + h = -w + 8, -3*p + 9 = 2*w. What is the units digit of p?
1
Suppose 27 = 4*l + 11. Let c(g) = g - 4. Let w be c(6). Suppose -w*d + 78 = 4*q, 5*q + l*d - 110 = -d. What is the units digit of q?
7
Let m(t) = -t + 16. Let q be m(11). Suppose -3*p = -q*p. Suppose p*k = k - 7. What is the units digit of k?
7
Let b(f) = -5*f + 1. Let a be b(-3). Suppose -53 = -5*z - 2*s, 4*z - 2*s + a = 44. What is the units digit of z?
9
Let s(d) = 2*d**2 + 3. What is the tens digit of s(-4)?
3
Let j = -6 - -104. Let n = j - 70. What is the units digit of n?
8
What is the tens digit of 0 + 1 - (3 - 24)?
2
Suppose -4*h + 141 = -15. What is the units digit of h?
9
Let q be 2/(-1) + 0 - -5. Suppose j - 52 = -q*j. What is the tens digit of j?
1
Let t be (-2)/2 + 345/15. Suppose 3 = 2*u - 3. Suppose u*d - 2 - t = 0. What is the units digit of d?
8
Let h(s) = -s**2 - 9*s. Let k(v) = -v**2 + 2*v. Let n be k(-2). What is the units digit of h(n)?
8
Let o(c) = 9*c + 7. Let p(x) = x + 1. Let a(y) = -o(y) + 5*p(y). What is the units digit of a(-6)?
2
Let t = 61 - -5. Suppose -4*n = -4*y - 9*n + t, y = -5*n + 9. What is the units digit of y?
9
Suppose 2 = -a - 2*s - 0, a - s = 13. Suppose 2*p = 5*h + 8, -2*p + 3*h + a = h. What is the units digit of p?
4
Let s(z) be the first derivative of -z**3/3 + 5*z + 1. Let j be (-14)/(-7) - (1 - -1). What is the units digit of s(j)?
5
Let q(x) = -3*x - 3*x + 6*x - x + 5. What is the tens digit of q(-6)?
1
Let c(b) = b**2 + 5*b - 3. Let o be c(4). Let h = o - 15. What is the tens digit of h?
1
Suppose -8 = -5*m + 2*l + 71, 3*m - 4*l = 39. What is the units digit of (m + 4)/(4/4)?
1
Suppose -2*u = -8*u + 396. What is the tens digit of u?
6
Suppose 2*p - 5*p = -15. Suppose -3*w = -p*w - 2. What is the tens digit of w + (1 - -18) + -3?
1
Suppose 3*b + 2*b = -35. Let j(l) = 2*l**2 + 7*l - 10. What is the units digit of j(b)?
9
Suppose -3*q = -2*q - 15. What is the units digit of q?
5
Let y be (-53)/(-5) + (-12)/(-30). Suppose -45 = -5*p + u - 6*u, p + y = 3*u. What is the units digit of p?
4
Let j(p) = 2*p**2 - 7*p - 17. What is the tens digit of j(10)?
1
Let d(g) = -g. Let c(p) = -p**3 + p**2 + 4*p + 13. Let a = 1 - 0. Let s(z) = a*c(z) + 4*d(z). What is the units digit of s(0)?
3
Let x = 62 - -2. What is the units digit of x?
4
Let t = 268 - 179. What is the units digit of t?
9
Suppose 0*g = 5*f - 4*g - 938, 3*f - 585 = -5*g. What is the tens digit of f?
9
Let p(u) be the second derivative of -5*u**3/3 - 3*u**2/2 - 3*u. What is the units digit of p(-4)?
7
Suppose -51 = 2*l + l. Suppose 0 = 5*d + 31 + 19. Let g = d - l. What is the units digit of g?
7
Suppose -2*x = -4*x + 84. Suppose -4*s - a + x = -16, a = s - 17. What is the tens digit of s?
1
What is the units digit of (-2)/(-7) - 1*868/(-49)?
8
Let q(o) = -o**3 + 7*o**2 + o - 8. What is the tens digit of q(6)?
3
Suppose -5*x + 115 = -4*b, 0 = 3*b + 2*x + 57 + 58. Let v be ((-30)/b)/(1/14). Let y = 21 - v. What is the units digit of y?
9
Let x(g) = -g**3 + 7*g**2 - 3*g + 5. What is the units digit of x(6)?
3
Suppose 2*j = -2*j + 16. Let h(o) = -o**2 + 5*o - 6. Let n be h(j). Let l = n - -6. What is the units digit of l?
4
Suppose 2 = 4*t - 5*x - 22, 0 = 3*t + x + 1. What is the units digit of t?
1
Let k(w) = -w**2 + w - 1. Let s(b) = -b**2 - 2*b + 3. Let n(v) = -4*k(v) - s(v). What is the units digit of n(1)?
4
Let r(s) = s**3 + 6*s**2 - 8*s + 2. What is the units digit of r(-7)?
9
Let d(g) = -g**2 + 10*g - 10. What is the tens digit of d(7)?
1
Let q(l) = 25*l. What is the tens digit of q(1)?
2
Let l = 20 - 4. Suppose 0 = 4*g - 0*g - l. What is the units digit of g?
4
Let v(y) = 3*y**2 - 4*y - 4. What is the tens digit of v(-3)?
3
Let r be 6/(-4)*80/(-24). Suppose -43 - 27 = -r*g. What is the units digit of g?
4
Let i(w) = w + 2. Let q(c) = c**2 + 8*c - 12. Let s be q(-9). Let y(j) = -j**2 - 4*j - 1. Let m be y(s). What is the units digit of i(m)?
4
Suppose -4*r + 5*p + 474 + 386 = 0, 5*p + 20 = 0. What is the hundreds digit of r?
2
Let x(p) = -p**3 + 9*p**2 + p + 10. What is the units digit of x(8)?
2
Let q = -111 - -186. What is the tens digit of q?
7
Let r(q) = -q**3 - 9*q**2 - 7*q - 2. What is the tens digit of r(-10)?
6
Let u = 2 + 0. Let r be 330/27 + u/(-9). Suppose r = 5*j - 2*x, -2*x + 1 - 9 = -3*j. What is the units digit of j?
2
Suppose -5*o + 6 = -3*o. Suppose 4*v = o*y + 23, -v - 3*y = 2*y. What is the units digit of v?
5
Let k = 24 - -8. What is the units digit of k?
2
Suppose -x - 5 = -6*x - 5*p, 10 = x + 4*p. Let o(r) = -2*r**3 - 2*r - 2. What is the tens digit of o(x)?
1
Suppose 5*j = -2*m + 14 + 9, 4*m - 4 = 4*j. What is the units digit of j/(-2)*-2 - 2?
1
Let i be (-57)/(-21) - 4/(-14). Suppose -w = i*x - 10 - 1, -w - 29 = -5*x. What is the units digit of x?
5
Let u(x) = x + 9. Let p be u(-6). Suppose 9 = 2*b - d, -p*b + 5*d = -4 - 13. Suppose -2*n - 12 = -4*n + 2*h, -5*n + 21 = b*h. What is the units digit of n?
5
Let v = -12 - -17. Suppose 0 = -0*m + m - v*w + 23, 2*m = 3*w - 11. What is the units digit of m?
2
Let r(j) = -j**3 - 7*j**2 + 3*j - 8. What is the units digit of r(-8)?
2
Let o be (-24)/(-1 + 0 + 0). Let h be 0/(6 + -1) - -14. Let d = o - h. What is the tens digit of d?
1
Suppose 305 = 3*a + 2*a. What is the units digit of a?
1
Let w = -17 + 34. Suppose k + f - w = -f, -2 = -k + f. What is the units digit of k?
7
Let m(q) = -2*q - 6. Let d be m(-5). Suppose d*f + 5 = 73. What is the